ltiple of 2782?
False
Is 259780644 a multiple of 13?
False
Does 10 divide 227854290?
True
Does 37 divide 1826975128?
False
Is 71018126 a multiple of 32?
False
Is 83 a factor of 99055686?
True
Is 250224477 a multiple of 2654?
False
Is 197 a factor of 23231816?
True
Is 11 a factor of 121023984?
False
Is 35231104 a multiple of 1184?
True
Is 1699 a factor of 173151886?
True
Is 59753207 a multiple of 53?
True
Is 441 a factor of 186635127?
False
Does 181 divide 7552989?
False
Is 1129 a factor of 140223980?
False
Is 146438111 a multiple of 103?
False
Does 4 divide 54042640?
True
Is 534261009 a multiple of 76?
False
Does 37 divide 62791305?
False
Is 42415107 a multiple of 21?
True
Is 132 a factor of 677645434?
False
Is 42864341 a multiple of 23?
True
Is 154347578 a multiple of 2659?
False
Does 405 divide 805632075?
True
Is 412644423 a multiple of 3572?
False
Is 141562515 a multiple of 191?
True
Is 78016246 a multiple of 220?
False
Is 36 a factor of 1924017?
False
Is 198635073 a multiple of 4233?
False
Does 477 divide 38507733?
True
Is 660 a factor of 76887772?
False
Is 92 a factor of 49903189?
False
Is 102 a factor of 25099328?
False
Is 2432151216 a multiple of 23?
False
Is 494151737 a multiple of 199?
False
Does 11 divide 693346142?
False
Does 38 divide 759529522?
True
Is 49433298 a multiple of 477?
False
Does 984 divide 118449000?
True
Does 2366 divide 25897744?
False
Is 51 a factor of 4596630?
True
Does 2155 divide 397817310?
True
Is 110348029 a multiple of 152?
False
Is 1488860 a multiple of 116?
True
Is 11605152 a multiple of 2188?
True
Is 7273171 a multiple of 1154?
False
Does 141 divide 53737009?
False
Is 24 a factor of 303151848?
True
Is 15 a factor of 103484921?
False
Is 387711625 a multiple of 35?
True
Does 17 divide 281461960?
False
Does 57 divide 154334340?
True
Does 21 divide 262452934?
False
Is 280 a factor of 65308880?
True
Does 5952 divide 695437632?
True
Is 14 a factor of 803314092?
True
Is 293912686 a multiple of 37?
False
Is 4486760 a multiple of 1006?
True
Is 247 a factor of 67824902?
False
Is 2980 a factor of 4798498730?
False
Is 3484628449 a multiple of 15?
False
Is 196 a factor of 7147336?
True
Does 297 divide 1206651135?
False
Does 628 divide 48114013?
False
Does 1171 divide 35981425?
False
Is 92588430 a multiple of 555?
True
Does 32 divide 20578944?
True
Is 400345464 a multiple of 1457?
False
Is 1193498565 a multiple of 35?
True
Is 4650054630 a multiple of 7476?
False
Is 48 a factor of 5470374?
False
Is 199015980 a multiple of 435?
True
Is 2931825 a multiple of 3?
True
Does 4464 divide 719672688?
True
Is 624463 a multiple of 13?
False
Is 257 a factor of 797814866?
True
Is 206853578 a multiple of 2635?
False
Is 2694 a factor of 685663905?
False
Is 2325 a factor of 3839680171?
False
Does 6907 divide 229022306?
True
Does 5052 divide 1128988051?
False
Does 70 divide 725256425?
False
Does 10 divide 904090?
True
Does 56 divide 682965500?
False
Does 943 divide 3899446450?
True
Is 53533 a multiple of 17?
True
Is 21 a factor of 134630223?
True
Does 2805 divide 386969456?
False
Is 6 a factor of 46365191?
False
Is 5270 a factor of 637457862?
False
Is 189678 a multiple of 313?
True
Is 46210595 a multiple of 231?
False
Does 4 divide 38681156?
True
Is 715 a factor of 1053075?
False
Does 76 divide 3140653538?
False
Is 118 a factor of 495246?
True
Does 2 divide 29962058?
True
Does 333 divide 18534114?
True
Is 32886199 a multiple of 248?
False
Does 149 divide 52090729?
False
Is 38 a factor of 41014692?
True
Is 122788386 a multiple of 63?
True
Is 15 a factor of 162521141?
False
Does 12 divide 19337949?
False
Does 1003 divide 175327409?
True
Is 125743773 a multiple of 107?
False
Does 296 divide 290342552?
True
Is 37528184 a multiple of 6?
False
Does 16 divide 133999917?
False
Does 2 divide 12996472?
True
Does 14 divide 687866936?
False
Does 3420 divide 643688460?
True
Is 2 a factor of 201138327?
False
Does 5030 divide 977020885?
False
Is 1327916495 a multiple of 185?
True
Is 739 a factor of 302065511?
True
Does 356 divide 68359832?
True
Does 94 divide 460697948?
True
Does 1087 divide 380970859?
False
Is 5 a factor of 6649325?
True
Is 19 a factor of 49986913?
False
Is 11 a factor of 76920632?
False
Is 3055 a factor of 76240580?
True
Is 9 a factor of 38012121?
True
Is 79730448 a multiple of 872?
True
Does 201 divide 33347709?
True
Is 25 a factor of 152445375?
True
Does 8 divide 13970291?
False
Is 224 a factor of 26124303?
False
Does 90 divide 101836080?
True
Does 94 divide 54054888?
True
Is 1487 a factor of 251044475?
False
Is 2 a factor of 1224642?
True
Is 52 a factor of 88615586?
False
Is 517855928 a multiple of 3601?
False
Is 2396358 a multiple of 5?
False
Does 941 divide 341929288?
True
Is 46 a factor of 76269748?
True
Is 101 a factor of 92698423?
False
Does 266 divide 117394046?
True
Does 39 divide 7512887?
False
Does 36 divide 3843630328?
False
Is 48 a factor of 161196848?
False
Is 34756470 a multiple of 86?
True
Does 3 divide 2572163?
False
Does 567 divide 3626144739?
True
Is 50399856 a multiple of 988?
True
Does 694 divide 57702630?
True
Is 7 a factor of 670670?
True
Does 186 divide 8143266?
True
Is 164 a factor of 23907264?
True
Is 3270 a factor of 388879309?
False
Is 79729035 a multiple of 453?
False
Is 205347656 a multiple of 137?
True
Is 105 a factor of 158412135?
True
Is 3424 a factor of 1472395328?
True
Is 542 a factor of 1807799499?
False
Does 3093 divide 12675119?
False
Does 427 divide 255784529?
True
Is 49577073 a multiple of 49?
True
Does 243 divide 82479783?
False
Does 1428 divide 189772632?
True
Is 18 a factor of 351800818?
False
Is 3215787839 a multiple of 42?
False
Is 217441095 a multiple of 218?
False
Is 750043567 a multiple of 13?
True
Does 14 divide 60568555?
False
Does 536 divide 245149775?
False
Is 28 a factor of 278833184?
True
Does 5 divide 21331009?
False
Is 288274938 a multiple of 14?
True
Is 49088302 a multiple of 80?
False
Does 109 divide 1759391746?
False
Does 8 divide 319195583?
False
Is 16 a factor of 2238079776?
True
Is 663714566 a multiple of 205?
False
Is 1764 a factor of 1164738751?
False
Is 139314768 a multiple of 376?
True
Does 7625 divide 1718682217?
False
Is 33 a factor of 44859996?
False
Is 47555368 a multiple of 5?
False
Is 600195177 a multiple of 489?
True
Does 2 divide 3563157?
False
Is 320706379 a multiple of 18?
False
Does 262 divide 344761190?
False
Is 2555 a factor of 1270864665?
True
Does 855 divide 221899504?
False
Does 7 divide 392850?
False
Does 56 divide 17760736?
True
Is 416436812 a multiple of 852?
False
Is 101 a factor of 213766803?
True
Is 39064144 a multiple of 376?
True
Does 2628 divide 37443744?
True
Is 4465279 a multiple of 212?
False
Is 11 a factor of 5537956089?
False
Is 48554595 a multiple of 45?
True
Does 183 divide 1761375?
True
Does 5452 divide 2112741832?
False
Is 326241045 a multiple of 3237?
True
Is 20857344 a multiple of 74?
True
Does 17 divide 330362048?
False
Is 414 a factor of 47914290?
True
Is 683 a factor of 9351636?
True
Does 121 divide 704994400?
True
Is 135 a factor of 159780060?
True
Does 72 divide 152352175?
False
Is 65377430 a multiple of 51?
False
Is 41 a factor of 111581614?
False
Does 12 divide 1276410530?
False
Does 9 divide 22918095?
True
Is 481643030 a multiple of 1066?
False
Does 80 divide 671986960?
True
Is 1630047639 a multiple of 487?
False
Is 787206066 a multiple of 8178?
False
Is 276 a factor of 42969336?
True
Is 368 a factor of 66939936?
True
Does 1162 divide 158185384?
True
Is 104 a factor of 778685365?
False
Is 121172821 a multiple of 40?
False
Is 50 a factor of 3870896780?
False
Does 14 divide 272344363?
False
Does 9403 divide 1304948098?
False
Is 180 a factor of 13912207?
False
Is 830 a factor of 2006777320?
True
Is 40 a factor of 32870814?
False
Does 1196 divide 134286880?
True
Is 139 a factor of 110050609?
True
Is 238 a factor of 414605078?
False
Is 57 a factor of 150482339?
False
Is 17 a factor of 315793381?
False
Is 1293227178 a multiple of 327?
False
Does 1787 divide 5888165?
True
Does 27 divide 614893927?
False
Is 892452572 a multiple of 869?
True
Is 12 a factor of 1556706?
False
Does 996 divide 296718586?
False
Does 113 divide 15827351?
False
Is 42885664 a multiple of 1184?
True
Is 1316302 a multiple of 6?
False
Does 13 divide 5709315